t z be a(-2). Let b = z + 36. Is b prime?
False
Let s(l) = -13*l - 11. Let h(u) = u**3 + 2*u**2 - 5*u. Let d be 2*(-2 - -4)/(-1). Let b be h(d). Is s(b) prime?
False
Let p(s) = s**3 - 10*s**2 - s + 12. Let q be p(10). Suppose q*f = 1502 - 496. Is f a prime number?
True
Suppose 4*b = 1052 + 360. Is b a prime number?
True
Let i(m) be the first derivative of m**7/840 + m**6/60 - m**5/24 + 5*m**4/24 + m**3/3 + 2. Let p(q) be the third derivative of i(q). Is p(-5) composite?
True
Is (-1)/(4/6)*3530/(-15) a prime number?
True
Suppose 3*y + 143 = 680. Let f = 50 - -14. Let g = y - f. Is g a composite number?
True
Let o(f) = -3*f**3 + 10*f**2 + f + 1. Let d(t) = 4*t**3 - 10*t**2. Let c(q) = -2*d(q) - 3*o(q). Is c(11) prime?
False
Let y(t) = 1365*t**3 + 2*t. Is y(1) prime?
True
Let y(l) be the second derivative of -7*l**3/6 + l. Let u = -12 - -7. Is y(u) composite?
True
Suppose -2*j + 22 = -3*a, -4*a - 35 = -0*a + 3*j. Let l = 4 + -6. Is l/a + (-438)/(-8) a composite number?
True
Let v be (-6)/9 + (-3003)/(-9). Suppose 57 = 5*q - v. Suppose 4*a + n - q = 0, n - 5*n + 46 = 2*a. Is a composite?
False
Is (8/(-4))/(-5 + 26065/5215) prime?
False
Let m(x) = 526*x - 3. Is m(2) prime?
True
Let m be ((-6)/4)/(1/(-74)). Let y = -172 + m. Let t = -26 - y. Is t a prime number?
False
Let w(c) be the third derivative of 13*c**4/12 - 5*c**3/6 + 2*c**2. Is w(8) prime?
False
Let l be 2/(-4) + (-17563)/26. Is ((-10)/(-20))/((-2)/l) a prime number?
False
Suppose 0 = 3*u + u + 736. Let s = 165 - 109. Is (-16)/s - u/7 composite?
True
Let p(u) = 22*u**3 + 9*u**2 - 29*u + 7. Is p(6) prime?
True
Let n = -1648 + 2325. Let g = -476 + n. Is g a composite number?
True
Let p(r) be the third derivative of -r**6/120 + r**5/12 + r**4/4 + 7*r**3/6 + r**2. Is p(5) a composite number?
False
Let k(i) = 3 - 1 - 8*i - 1. Is k(-3) prime?
False
Let v(g) = 15*g**3 - 2*g**2 + 1. Let f be v(1). Is f/(4*1/62) a composite number?
True
Let t(l) = -43*l**2 - 1. Let w be t(1). Let a = 167 - w. Is a composite?
False
Let y(r) = -r**3 - r**2 + 2*r + 95. Is y(0) a composite number?
True
Let g(b) = b + 31*b**2 + 4 + 21*b**2 - 51*b**2. Is g(-6) composite?
True
Suppose -8 = -5*v + 2. Let q(i) = 5*i + v*i - 8 + 5. Is q(6) composite?
True
Suppose 3*q + 2*s = -0*s + 10, -2*q + 12 = -4*s. Suppose -q*r = -2*r - 86. Is r a composite number?
False
Suppose -3*b + 55 = 2*b. Let i(x) = -7*x + 11. Let w be i(b). Let k = 117 + w. Is k prime?
False
Let g(j) = 2*j**2 - 9*j - 6. Is g(-7) composite?
True
Let j(g) be the third derivative of -g**6/360 - g**5/24 - g**4/8 + 2*g**2. Let i(n) be the second derivative of j(n). Is i(-6) a composite number?
False
Suppose 0 = y - 2*g - 215, 6*y - 5*g - 872 = 2*y. Is y a composite number?
False
Let n(d) = 4*d - 3*d - 4 + 5. Suppose 0 = t - 2*t + 1. Is n(t) a composite number?
False
Let o = -2 - -5. Let b be 10/15 + 97/o. Suppose 0 = 2*t - 41 - b. Is t composite?
False
Let q(c) = c**3 - 6*c**2 + 6*c - 6. Let p be q(5). Is (-1)/((1/167)/p) prime?
True
Is 39/(-13) + 538*2 a prime number?
False
Let n(g) = g**3 - 9*g**2 - 2*g + 9. Let y be n(10). Suppose -i - 163 = y. Let m = i + 375. Is m composite?
True
Suppose 2*w - 4*b - 1133 + 275 = 0, w + b - 414 = 0. Is w prime?
True
Suppose -5*s - m + 30 = m, 2*s - 1 = -3*m. Is (-6)/s - (-935)/20 a prime number?
False
Let k = 29 + -12. Let r = 31 - k. Is r a composite number?
True
Suppose -4*w + 5*i + 1315 = w, 4*w = 2*i + 1056. Is w a prime number?
False
Let p be (-6)/8 - (-60)/16. Suppose 894 = p*s + 3*s. Is s a composite number?
False
Let d(s) = s**3 + 6*s**2 - s + 3. Let l be d(-6). Suppose 157 = w + l. Suppose r + 3*r - 37 = -y, 4*y + 3*r - w = 0. Is y prime?
True
Let u(d) = 307*d - 33. Is u(10) prime?
True
Suppose 3*p - 562 - 13 = -s, -p = 2*s - 1130. Is s a prime number?
True
Suppose 0 = 2*u - 4*t - 1 - 13, 0 = 5*u - t - 17. Let a(j) = 7*j**2 + j + 1. Is a(u) prime?
True
Is 0 + 1318 - -1 - (-11 + 13) a prime number?
False
Suppose -2*d + 4*d = 2*c + 8, -13 = 5*c + 2*d. Let h = -40 - -71. Is (h/(-5) + c)*-5 a prime number?
False
Let m(l) = -68*l - 9. Is m(-5) composite?
False
Suppose 2*x - 2*y = 0, -4*x + 8*x = -3*y - 14. Let z = x - -2. Is 3 + 9 - (z - -1) composite?
False
Suppose 3*a + 5*o - 47 = 0, -3*o + 3 + 0 = 0. Let w = 23 + a. Is w a prime number?
True
Let q(c) be the second derivative of -7*c**3/6 - 7*c**2/2 + 2*c. Let z = -5 - 1. Is q(z) a composite number?
True
Let f(d) be the first derivative of -d**4/4 + 5*d**3/3 + 4*d**2 + 2*d - 3. Is f(6) prime?
False
Let b(r) = 5*r**3 + 10*r**2 + 6*r - 1. Let w(y) = 14*y**3 + 29*y**2 + 18*y - 3. Let a(s) = -17*b(s) + 6*w(s). Is a(4) a prime number?
True
Let i(f) = 3*f - 1. Let w be i(1). Suppose -6*l - 46 - 14 = 0. Is 1272/10 + w/l a composite number?
False
Let o be (-8)/12 + 10/(-3). Let y = 1 + -2. Is o/y*(-110)/(-8) prime?
False
Suppose 0 = l + l - 4. Is (67/l)/((-8)/(-48)) composite?
True
Let h(v) = 11*v**2 + 11*v - 3. Let y be h(8). Let g = y - 448. Is g a prime number?
False
Suppose 4*s = 2*j + 2*j - 4, 4*s + j = 16. Suppose i + 282 = s*i. Is i a prime number?
False
Let a be (-17)/(-4) - 7/28. Suppose c + a*x = 51, -66 = -3*c + 4*x + 151. Is c composite?
False
Let o = -241 + 1560. Is o a composite number?
False
Suppose 5 = k, 5*i - 2*k + 3144 = 15469. Is i composite?
False
Let l(i) = i**2 + i + 1. Let r be l(-1). Suppose -2 - r = -3*d. Suppose -3*b + 59 = 2*j, 0*j + d = j. Is b composite?
False
Suppose -2*z = -4, 6*d - 12313 = 3*d - 2*z. Is d a prime number?
False
Let y = 1602 - 1066. Let n = 916 - y. Suppose -4*z + 0*z = -n. Is z composite?
True
Let c = -1311 + 2658. Is c a prime number?
False
Let w be 10/(-25)*(1 + -11). Suppose 5*t - 14 = -w. Suppose -5*g + 5*k + 98 = -197, -t*k - 289 = -5*g. Is g composite?
True
Let d(u) = -u + 413. Is d(0) composite?
True
Let t = 8 - 28. Let m = 30 + t. Is (42/4 + -2)*m prime?
False
Let u = 19 - 5. Suppose -m - 3 = -u. Is m a prime number?
True
Let b(r) = -4*r + 3. Let w be b(3). Let a = 29 - w. Is a a prime number?
False
Let u = 104 + 71. Let r = u - 110. Is r a prime number?
False
Suppose -5*c + 326 = -729. Is c a prime number?
True
Suppose 4*v - c - 849 = 0, -2*v + c = -4*v + 429. Is v a prime number?
False
Let k = 110 + 5. Is k a composite number?
True
Suppose -3*z = -3, 3*p + 2*z - 16 + 5 = 0. Suppose p*n - 226 = n. Is n a composite number?
False
Let n(m) = 2*m**2 - 2*m + 4. Let t be n(-3). Is (5/4)/(1/t) a composite number?
True
Let u = 15 - 8. Let b = u - 11. Is (1 + b - 198)*-1 a composite number?
True
Let p = 409 + -249. Let u = -15 + p. Is u composite?
True
Let r(l) = l**3 - 9*l**2 + 13*l - 6. Let u be r(10). Suppose 15 = -3*v, 0*p + 4*v + u = 4*p. Is p a prime number?
False
Is ((-166)/(-8))/(15/60) a composite number?
False
Let z(h) = 15*h**2 - 6*h + 2. Let i be z(-7). Let a = i - -323. Is a/14 - 4/(-14) composite?
False
Suppose x + 15 = -0*x - 5*m, 2*x = -3*m - 2. Suppose -t - c + 180 - 38 = 0, 0 = x*t - 4*c - 719. Is t a composite number?
True
Suppose -3*y = 3*v - 214 - 284, 0 = y + 3*v - 176. Is y a composite number?
True
Is (-4)/6 - (-838)/6 composite?
False
Let b(p) be the second derivative of -p**5/20 + 5*p**4/6 + p**3/6 - 9*p**2/2 - p. Is b(8) a prime number?
True
Let i(k) = 23*k**2 - 1. Let j be i(-2). Let d be ((-84)/48)/((-2)/144). Suppose 5*x + 3*p - 268 = 0, j = 4*x + 5*p - d. Is x a composite number?
False
Suppose 0*l = -2*l. Suppose q + 3*t = -11, 5*q - t - 25 = -l*q. Suppose 6 = -q*s + 5*s. Is s prime?
False
Is (2*-1399)/((-20)/(-5) + -6) prime?
True
Suppose -5*h = -3*f - 1131, 5*f = -h - h + 471. Suppose t = 4*t + h. Let k = t - -123. Is k prime?
True
Suppose 0 = 3*x + 124 + 2. Is ((-4298)/x)/((-1)/(-3)) prime?
True
Let m(q) = 4*q - 4 + 1 + 2. Is m(4) a prime number?
False
Suppose -5*c + 1375 - 345 = 0. Is c prime?
False
Let s = 30 + 49. Suppose d + 3*w = -d + s, -d - 5*w = -22. Suppose -3*h + 0*n + 4*n = -141, h = -2*n + d. Is h a composite number?
False
Let r(w) be the third derivative of w**5/20 - w**4/4 - w**3/2 + 2*w**2. Is r(-4) composite?
True
Let z(v) = 4*v**2 + 13*v + 23. Is z(-10) prime?
True
Let f be (-3)/2*(-2)/(-3). Let z(d) = -38*d**3 - 2*d**2 - d. Is z(f) prime?
True
Let v(x) = -x**2 - 8*x - 1. Let i be v(-8). Is i/1 - -1*59 a composite number?
True
Suppose 4*r = -0*r. Suppose r*o = -o + 28. Suppose -3